3 + 4 - 3).
-6
What is the value of (-1 - -5) + -10 - -6 - 6?
-6
Evaluate 4 + ((-4 - -5) + 1 - 5).
1
Evaluate 1 + -5 - -2 - (0 + 1).
-3
What is the value of -4 + -3 + 7 + (3 - -1)?
4
-1 + -4 + 2 - -4 - 1
0
-1 + 6 - ((-3 - -5) + 5)
-2
Evaluate 3 + (6 - 10) + -1.
-2
Evaluate 17 - 26 - (-9 + -2).
2
-3 + 0 + 10 + -5 + -2
0
Evaluate -7 - (-14 - -7) - 2 - -10.
8
What is -2 + 4 - (0 - -1 - 0)?
1
Calculate (5 - (1 + -1)) + -2.
3
4 - (3 + -5 + 1)
5
1 + (1 - -1) + -5 + 2
0
Calculate -4 - -1 - (64 + -67).
0
Evaluate -1 + (-3 - -2) + 3.
1
What is the value of (2 - ((-1 - 0) + -2)) + -4?
1
What is (-3 - -4) + -12 + 6 + 5?
0
Evaluate (-2 - (16 - 8)) + 9.
-1
Calculate 2 - (-2 + -7 + 3).
8
Evaluate 1 - -2 - (6 + -1 - 6).
4
Evaluate (-2 + 0 - 1) + 1 + -3.
-5
Evaluate 2 - -2 - (-15 + 18).
1
Calculate 18 - 14 - (16 - 0) - -1.
-11
What is the value of 0 + -1 + -1 - -1?
-1
(0 + 0 - -4) + -2 + 1
3
What is -2 + (-15 - -6) + 6?
-5
-1 + 2 + 1 + -27 + 16
-9
What is the value of 0 - (-1 + -3 + -1)?
5
What is the value of 0 + (-5 - -4) + -2?
-3
What is the value of 3 - 4 - (2 + -1)?
-2
Calculate 3 + (-5 - -1 - 4).
-5
Evaluate 6 + (6 + -15 - -6).
3
1 - ((-2 - -9) + (7 - 6))
-7
Calculate 10 + -2 + -4 - (3 + 1).
0
-6 - (2 - 6) - -5 - 9
-6
Evaluate -3 + (-1 + 1 - (-7 + 9)).
-5
What is the value of 14 - (3 + -10 - -15)?
6
(-3 - -1 - 10) + (-29 - -33)
-8
What is the value of -15 + 0 + 11 - (-8 - -1)?
3
What is -5 - (-7 + (5 - 5))?
2
Evaluate (9 - 16) + -2 - -11.
2
Calculate -1 + 1 + -3 + 4.
1
Calculate -7 - (-17 - -9 - (0 + -4)).
-3
What is the value of -1 + (6 - (-2 + 6 - 4))?
5
-4 + -1 + 1 + 1 + 8
5
What is -6 + (-8 + 4 - -9) + -6?
-7
What is the value of -8 - -2 - (4 + -9) - 4?
-5
What is -1 + (4 - (-4 - -4)) + -1?
2
Calculate -10 + -2 - (-1 + -3 + -1).
-7
Evaluate -3 - (-1 - 3 - (-11 + 8)).
-2
Calculate 2 + 11 + -3 + -9 + 5.
6
What is the value of 2 - (1 + -2 + 0)?
3
What is the value of -3 + 9 - (-4 + 13)?
-3
Evaluate -2 + -5 + 3 + 9 + -5.
0
-4 - (9 - 14) - (1 + -2)
2
What is the value of -2 + (5 - 8) + 6?
1
What is the value of 2 - (0 - 4) - (-20 + 21)?
5
18 - 18 - (0 + -7 + 3)
4
Calculate -5 + (-5 + (6 - 2) - -1).
-5
Calculate 17 - (10 + -10 - -9).
8
Evaluate 2 + (-3 + 5 - 7) + 4.
1
What is -4 + 2 - (-3 + -4 - -7)?
-2
Calculate -607 + 604 + 5 + -1 + 0.
1
What is the value of 5 - 2 - -1 - (-4 + 7)?
1
Evaluate 1 + (1 + -8 + 4 - 0).
-2
What is 5 + -6 + -5 + 1?
-5
What is the value of 0 + (-1 - (-1 + (3 - 4)))?
1
What is the value of 1 - 5 - (-8 + 0 - -9)?
-5
-7 - (1 + -10) - 7
-5
Evaluate -5 + 1 + (14 - 4 - 1).
5
Evaluate 6 - ((5 - 4) + (0 - 1)).
6
Evaluate (6 - (4 - 1)) + -5.
-2
(-2 - (-4 + 2)) + 2 + 0
2
(5 - 2) + -2 - -2 - -1
4
What is (14 - 11) + -2 - (0 - -3)?
-2
What is the value of 0 + -3 + 8 + -1 + -5?
-1
Calculate -5 + 7 + -4 + (6 - 4).
0
Calculate (1 - (-13 + 8)) + -14.
-8
5 - ((-1 + 16 - 3) + -3)
-4
-1 - (-1 - ((0 - -4) + -1))
3
-7 + 2 + 1 + (3 - -2)
1
Calculate -4 - (-4 - -8 - 3).
-5
What is 1 - 1 - (44 + -49)?
5
(3 - (1 - (6 + -22))) + 5
-9
Evaluate -2 + 6 + 2 + -7.
-1
Evaluate (-5 - -10) + -6 - 2.
-3
Evaluate (-246 - -254) + (1 - 2).
7
What is the value of -88 + 84 - (1 - (1 + 6))?
2
Calculate 3 + (-5 + 5 - 3).
0
Calculate -5 + (6 - -1 - -6).
8
Calculate 1 - 1 - (-6 + 5).
1
What is (4 - 1) + 0 - 9 - -3?
-3
-5 + (-5 - -3) - -6
-1
What is 17 + (-1 - 14) - (5 + -1)?
-2
Evaluate 2 + -3 + (-17 - (1 - 12)).
-7
What is the value of (-8 + 7 - -8) + -9?
-2
Evaluate -3 + (0 - (0 - -2)).
-5
What is -7 + 1 + (1 - -2)?
-3
What is the value of 6 + -9 + -4 + 2 + 0?
-5
Evaluate -5 - (4 + -6 + -2).
-1
What is the value of -4 - (1 - -2 - (2 + 0))?
-5
(-4 - -8) + -2 + -2 - -2
2
What is the value of (-2 - -11) + -2 + (-4 - -2)?
5
-3 - -8 - -2 - (3 - -3)
1
Calculate 3 - (-6 + (-2 - (-6 + 0))).
5
Evaluate -1 - -1 - (2 - 7).
5
Evaluate -16 + 2 + 18 + 0 + 1.
5
(-14 - -10) + (16 - 3)
9
Evaluate 9 - 2 - 12 - -6.
1
Calculate -21 + 21 - (-1 - 4).
5
Evaluate -2 + (-27 - -26) + (7 - 1).
3
Evaluate -3 - (7 - 3 - 2).
-5
(2 - (12 - 2)) + 4 - -4
0
1 + (-8 - -4 - -7)
4
Evaluate 3 + 1 - (2 - -1).
1
What is the value of 14 + -13 + -7 + -4 + 1?
-9
Evaluate (5 - 0) + (-1 + -7 - -10).
7
Evaluate -4 - (-6 + 1 + -6 + 10).
-3
-2 - -9 - 4 - 0
3
What is the value of (11 - 11) + (3 - -2) + -3?
2
What is the value of (-25 - -18) + 8 - (1 - 1)?
1
Evaluate 3 + (4 + -2 - (1 - -2)).
2
What is 4 + 1 + 1 + -2 + 0?
4
1 + -5 + 0 + 5 + 10
11
What is -1 + (1 - -3) + -14 + 7?
-4
What is the value of 2 + -5 + 4 + -1?
0
What is 4 - (-2 - (1 + -4))?
3
What is the value of (-1 - 1) + 8 - (-1 - -3)?
4
Evaluate -2 - -3 - (1 - 4).
4
-7 - ((2 - 2 - 0) + -5)
-2
What is the value of (-16 - -20 - (0 - -1)) + -4?
-1
What is -20 + 7 - -12 - -10?
9
10 + -5 - 5 - (2 + 1)
-3
-10 + 4 + 5 - (1 + -1)
-1
What is the value of -4 - (0 + -7 + -1)?
4
(-1 - -1) + -3 + (-6 - -13)
4
What is the value of 2 - (-3 + 2 - -7)?
-4
-14 - -5 - -9 - (-1 - -6)
-5
Calculate 1 + (-3 - 1) + 3 + 1.
1
Calculate 130 + -132 + 5 + 0 + 1.
4
Calculate 2 + -5 + 4 + 1.
2
Calculate 6 + (-3 - 7) - 7 - -6.
-5
What is 1 - ((0 - -1) + -8 + 4)?
4
Calculate (0 - -9) + 3 + -10 + 3.
5
(1 - 3) + 0 + 2
0
Evaluate 7 - 7 - -1 - 3.
-2
Evaluate 0 + 5 + -5 + 2.
2
Calculate (5 - (-4 - (-10 + 4))) + -4.
-1
What is 13 - (-5 - -3 - -7)?
8
Evaluate -3 - (1 - -1 - (9 - 3)).
1
Evaluate 4 - ((3 - 1) + 21 + -22).
3
Calculate (-1 - 1 - -5) + -5 + -3.
-5
Calculate 3 + (2 - (4 - (0 + -4))).
-3
Calculate 1 - (0 + -3 + 2 + -3).
5
Calculate 5 + -1 + 30 + -31.
3
5 + 1 + 4 + -5
5
2 + (5 - 1) + (-1 - 0)
5
Evaluate -1 + (2 - -4) + -3.
2
What is the value of (-11 + 19 - 8) + (2 - -1)?
3
Evaluate 1 + 3 + 3 + -5 + 3.
5
What is the value of 8 + -5 + (3 - 8)?
-2
Calculate (-14 - -20) + (-2 - -5 - 0).
9
What is the value of 6 - (-3 - (-7 - (5 - 2)))?
-1
Evaluate (6 - 2) + 2 + (-3 - 0).
3
Calculate -7 + (0 - (-8 + 5)).
-4
Evaluate 15 + -13 + -5 + 1 + 1.
-1
Calculate -2 - (2 - 3) - (14 - 20).
5
What is the value of 1 + (-4 - (3 - (-1 - -11)))?
4
-2 - (-6 + (-1 - -1))
4
What is the value of (0 + 2 - 1) + -32 + 32?
1
Evaluate (-1 - 0) + -1 + 2 + 0.
0
Calculate 1 - (-4 + -1 + 2).
4
What is the value of -1 - (3 + -6) - 4?
-2
Calculate 3 - 6 - 2 - (2 + -9).
2
What is -3 + (9 + -8 - (4 - 1))?
-5
What is the value of (1 + 8 - 2) + -8?
-1
Calculate 8 - 7 - (-1 - 0).
2
What is 0 + (-1 - 2) + 5?
2
What is (-3 - (2 + 7 + -13)) + -7?
-6
Evaluate (11 - (-7 + 9)) + -6.
3
Evaluate 1 + 14 + 284 + -290.
9
Evaluate (15 - 6) + (3 - 8).
4
Calculate 28 + -24 - (4 + 1 + -1).
0
What is -5 - (-5 - -3) - -8?
5
Evaluate -3 + 1 + 2 - -1.
1
What is the value of ((3 - 5) + 4 - -4) + -8?
-2
What is 2 + 0 - (-4 + 8)?
-2
What is the value of (-2 - (8 + (-1 - 13))) + 1?
5
What is 1 - (5 + -2 + 1 - 8)?
5
Evaluate 2 + (1 - 3 - -1) - 5.
-4
What is 5 - (-2 + 6) - (2 - 2)?
1
What is (1 - 0 - 4) + (-4 - -6)?
-1
What is the value of (-4 - (-5 - -3)) + 5?
3
Evaluate 1 - -1 - 6 - -3.
-1
What is the value of 11 + (0 - 11 - -5)?
5
What is -7 + (-1 - -5) + -5?
-8
What is the value of -5 - -2 - (-1 + 2)?
-4
Evaluate (-9 - (-2 - 5)) + -2.
-4
What is -1 + (-9 - -8) + 4?
2
Evaluate 1 - (4 + -2 + -2).
1
Calculate -3 + -2 + 2 - -1.
-2
What is 18 + -9 + (-3 - 1)?
5
Evaluate (-2 - (0 + -7)) + 2.
7
Calculate -10 - (10 + 0 - 15).
-5
(17 - 14) + (-5 - (2 - 3))
-1
Evaluate 2 + (0 - 1 - (-24 - -17)).
8
-3 + 0 + -3 + (-1 - -4)
-3
What is the value of (-2 - (0 + -1)) + -1 + -2?
-4
What is -5 - 0 - (129 + -133)?
-1
What is -5 + (2 - 0) + 5 + -4?
-2
Calculate -3 + 5 + 4 + -1 + 0.
5
-15 + 7 + 7 - 7
-8
Calculate 4 + (-5 - (-5 - -5)).
-1
Calculate -2 + (8 - (-6 - -10)) + 5.
7
What is the value of (-2 - -3) + (0 - 1 - -3)?
3
Calculate 9 + -10 + 8 + -2.
5
What is -2 - (1 + 2 + -3)?
-2
Calculate (-2 - 0) + -1 - (0 - 1).
-2
Evaluate 5 - 3 - (-1 + 0).
3
What is the value of -10 - (-1 + (-4 - (-5 - -4)))?
-6
What is 4 + 0 - (-7 - -15)?
-4
What is 3 - ((3 - 3) + 6 + -2)?
-1
What is the value of 7 + (-1 - (-4 - -6))?
4
Calculate 13 + -11 + (1 - -2).
5
What is the value of 2 + (5 + -10 - 0 - 3)?
-6
What is -1 - (-4 + 9 + -2)?
-4
Evaluate 3 + 0 + -12 - -2.
-7
Calculate 3 + -6 + -5 + 15.
7
What is the value of 1 + (-4 - (-5 + 3)) - -3?
2
-5 + 5 + (-3 - -2)
-1
What is -5 + 11 - (-2 - -15)?
-7
(-5 - -19) + -10 - -2
6
Calculate -21 + (4 - (-3 - 8)).
-6
What is the value of -4 + -